r of 14 and 26.
2
Calculate the highest common factor of 7440 and 1302.
186
Calculate the highest common divisor of 84 and 51.
3
Calculate the greatest common divisor of 1994 and 2.
2
Calculate the greatest common factor of 72 and 104.
8
What is the highest common factor of 10538 and 44?
22
Calculate the highest common factor of 36 and 4356.
36
Calculate the greatest common factor of 2352 and 456.
24
What is the greatest common factor of 1674 and 108?
54
Calculate the greatest common divisor of 208 and 80.
16
What is the greatest common factor of 144 and 36?
36
What is the greatest common factor of 32 and 130?
2
Calculate the greatest common factor of 770 and 1386.
154
What is the highest common divisor of 17 and 15997?
17
What is the greatest common divisor of 1267 and 28?
7
Calculate the greatest common factor of 182 and 616.
14
What is the greatest common factor of 1960 and 130?
10
What is the highest common divisor of 69 and 1886?
23
What is the greatest common factor of 13 and 1768?
13
Calculate the greatest common divisor of 1280 and 80.
80
Calculate the greatest common factor of 10879 and 253.
253
Calculate the greatest common divisor of 1829 and 124.
31
What is the highest common divisor of 132484 and 44?
44
What is the greatest common factor of 1 and 166?
1
What is the greatest common divisor of 2303 and 49?
49
Calculate the greatest common divisor of 1349 and 133.
19
Calculate the greatest common divisor of 13 and 3601.
13
Calculate the highest common factor of 540 and 4500.
180
What is the highest common factor of 250 and 850?
50
What is the greatest common factor of 405 and 1065?
15
Calculate the highest common divisor of 75 and 555.
15
Calculate the highest common divisor of 11 and 407.
11
What is the highest common divisor of 15 and 789?
3
Calculate the greatest common divisor of 3751 and 31.
31
Calculate the highest common divisor of 24 and 45.
3
Calculate the greatest common factor of 94 and 94.
94
Calculate the greatest common divisor of 1003 and 118.
59
What is the greatest common divisor of 1169 and 7?
7
What is the highest common divisor of 22 and 6270?
22
Calculate the highest common factor of 15 and 2235.
15
Calculate the greatest common divisor of 7 and 56.
7
What is the greatest common factor of 35010 and 45?
45
Calculate the highest common divisor of 207 and 161.
23
Calculate the highest common factor of 2065 and 140.
35
What is the highest common divisor of 840 and 500?
20
What is the greatest common divisor of 10 and 210?
10
Calculate the greatest common divisor of 135 and 255.
15
Calculate the greatest common factor of 60 and 16620.
60
Calculate the greatest common factor of 36 and 28.
4
Calculate the greatest common factor of 835 and 3173.
167
What is the highest common factor of 17932 and 4?
4
Calculate the greatest common factor of 975 and 75.
75
Calculate the highest common factor of 3025 and 200.
25
What is the highest common factor of 891 and 45?
9
What is the greatest common factor of 725 and 58?
29
Calculate the highest common factor of 9 and 576.
9
Calculate the greatest common factor of 979 and 88.
11
Calculate the highest common divisor of 74528 and 136.
136
What is the greatest common factor of 98 and 14?
14
Calculate the greatest common divisor of 7128 and 1320.
264
Calculate the greatest common divisor of 309 and 412.
103
What is the greatest common factor of 19 and 1026?
19
Calculate the highest common divisor of 912 and 240.
48
Calculate the highest common factor of 80 and 16.
16
Calculate the greatest common factor of 7424 and 58.
58
Calculate the highest common factor of 14520 and 160.
40
What is the highest common factor of 297 and 726?
33
What is the highest common factor of 9 and 729?
9
What is the greatest common divisor of 1802 and 530?
106
What is the highest common factor of 45 and 63?
9
What is the greatest common divisor of 225 and 90?
45
What is the highest common factor of 87 and 377?
29
What is the highest common factor of 1880 and 564?
188
Calculate the greatest common divisor of 216 and 30.
6
What is the highest common divisor of 8 and 16?
8
Calculate the highest common factor of 54 and 216.
54
What is the highest common factor of 6443 and 17?
17
What is the highest common divisor of 3875 and 1240?
155
What is the greatest common divisor of 527 and 62?
31
Calculate the greatest common factor of 690 and 150.
30
Calculate the greatest common factor of 187 and 517.
11
What is the highest common factor of 738 and 82?
82
What is the highest common factor of 136 and 476?
68
What is the highest common factor of 106 and 53?
53
Calculate the highest common factor of 116 and 52.
4
Calculate the highest common factor of 48 and 1104.
48
Calculate the highest common divisor of 66 and 38346.
66
What is the greatest common factor of 6 and 15?
3
What is the greatest common factor of 94 and 32?
2
What is the greatest common factor of 5 and 110?
5
Calculate the highest common divisor of 672 and 36.
12
What is the greatest common divisor of 1455 and 3?
3
Calculate the highest common factor of 7 and 3.
1
Calculate the greatest common factor of 121 and 19.
1
What is the greatest common factor of 23 and 3749?
23
What is the highest common divisor of 66729 and 177?
177
What is the highest common factor of 992 and 4526?
62
Calculate the highest common factor of 637 and 6174.
49
What is the highest common factor of 158 and 2607?
79
What is the highest common divisor of 414 and 12282?
138
Calculate the highest common divisor of 70 and 3430.
70
What is the highest common divisor of 3193 and 412?
103
Calculate the greatest common divisor of 184 and 8.
8
Calculate the greatest common divisor of 14 and 107842.
14
Calculate the greatest common divisor of 759 and 33.
33
What is the greatest common divisor of 793 and 117?
13
Calculate the greatest common divisor of 10 and 55.
5
What is the greatest common divisor of 61674 and 114?
114
Calculate the highest common divisor of 3 and 2.
1
What is the highest common factor of 12380 and 20?
20
Calculate the highest common divisor of 202 and 2.
2
What is the greatest common divisor of 598 and 208?
26
What is the greatest common divisor of 34 and 1054?
34
What is the greatest common divisor of 176 and 308?
44
What is the greatest common factor of 2021 and 43?
43
Calculate the greatest common factor of 95 and 57.
19
Calculate the greatest common divisor of 63 and 42.
21
Calculate the greatest common factor of 551 and 76.
19
What is the highest common factor of 10 and 3790?
10
Calculate the highest common factor of 16 and 116.
4
Calculate the greatest common divisor of 468 and 208.
52
Calculate the highest common divisor of 78 and 16.
2
What is the greatest common factor of 54 and 12?
6
Calculate the greatest common factor of 9570 and 770.
110
What is the greatest common factor of 3708 and 36?
36
What is the highest common factor of 58 and 928?
58
Calculate the greatest common factor of 16 and 80.
16
Calculate the highest common divisor of 12870 and 10.
10
Calculate the greatest common divisor of 37 and 74.
37
What is the highest common factor of 9 and 603?
9
What is the greatest common divisor of 51 and 14331?
51
What is the greatest common factor of 24 and 888?
24
What is the greatest common factor of 69 and 21?
3
Calculate the greatest common factor of 14 and 7.
7
What is the greatest common factor of 1590 and 9858?
318
What is the greatest common divisor of 201 and 871?
67
What is the greatest common factor of 60 and 54?
6
What is the greatest common divisor of 570 and 38?
38
Calculate the greatest common factor of 1204 and 430.
86
What is the highest common factor of 83 and 1411?
83
Calculate the highest common divisor of 306 and 102.
102
What is the greatest common factor of 144 and 261?
9
Calculate the greatest common factor of 88 and 143.
11
What is the highest common divisor of 26 and 702?
26
Calculate the greatest common divisor of 5033 and 7.
7
Calculate the highest common factor of 5 and 8465.
5
What is the highest common factor of 1854 and 16377?
309
Calculate the greatest common factor of 198 and 36.
18
What is the greatest common factor of 18178 and 366?
122
What is the highest common divisor of 323 and 494?
19
Calculate the highest common factor of 240 and